Suppose -3*g - 5081 = -2*l, 4*l + g - 8820 = 1363. What are the prime factors of l?
5, 509
Let i be (-543)/(-12) + 2/(-8). Let a = i - 27. Let r = 44 - a. List the prime factors of r.
2, 13
Let h = -4 + 8. Suppose -21 + 1 = -h*t. Suppose l + 2 = -t*d, -3*l - 4*d = -6*l + 89. List the prime factors of l.
23
Let w be (12 + -35)*(-1 + 2). Let y = w - -21. What are the prime factors of (2 + y)/3 - -45?
3, 5
Suppose -5*m = -4*l + 32 - 9, -3*l + 61 = 5*m. Suppose l*c - 9*c = 1179. Suppose -121 = 8*k - c. What are the prime factors of k?
2, 17
Let l be (4*2)/((-1)/(-2)). Suppose l = t - 3*t. Let h = t + 25. What are the prime factors of h?
17
List the prime factors of 648 + 2*(-4)/(-1 + 5).
2, 17, 19
Let n(b) = b + 9. Let w be n(4). Suppose -753 = -w*k + 10*k. What are the prime factors of k?
251
Suppose -t = -2*z + 358, -z = -0*z + 5*t - 190. Suppose 18 = 2*q - z. What are the prime factors of q?
3, 11
Let r(m) = 9*m - 5. Let w be r(1). What are the prime factors of w*(487/12 + 1/(-3))?
7, 23
Suppose -k + 0*k = 5*p - 2, -44 = 3*k + 5*p. Let r = 40 + k. List the prime factors of r.
17
Suppose 10*x - 16471 = -3*x. List the prime factors of x.
7, 181
Suppose 0 = -2*i - 4*l - 108, 98 = -4*i + 5*l - 118. List the prime factors of (426/4)/(i/(-72)).
2, 71
Let n = -201 + 342. Let c = -84 + n. List the prime factors of c.
3, 19
Let w(k) be the first derivative of k**5/20 - k**4/3 - 7*k**3/6 - 3*k**2/2 - 10*k - 4. Let d(r) be the first derivative of w(r). List the prime factors of d(6).
3
Suppose -3*f + 4*n + 41 = 2*f, -5*f - 4*n + 49 = 0. Suppose f*b - 440 = -2*b. What are the prime factors of b?
2, 5
Let w(d) = d**3 - 34*d**2 + 95*d - 19. What are the prime factors of w(31)?
43
Let f = 79 - 77. List the prime factors of 3532/14 - f*(-2)/(-14).
2, 3, 7
Suppose -935 = -3*y + 1063. What are the prime factors of y?
2, 3, 37
What are the prime factors of (20/(-30) - 0)/((-1)/648)?
2, 3
What are the prime factors of 6934/9 + 216/(-486)?
2, 5, 7, 11
Let j(o) = o**3 + 6*o**2 - 22*o - 66. List the prime factors of j(-3).
3
Suppose j = 3*o + 3476, 174*o + 13931 = 4*j + 171*o. List the prime factors of j.
5, 17, 41
What are the prime factors of ((-1575800)/(-32))/25 + (-15)/(-12)?
3, 73
Suppose 0 = 3*p - h - 8768, 5*p - 14603 = -5*h - 23. List the prime factors of p.
23, 127
Let p(x) = 12*x**2 - 5*x - 16. Let z(j) = j**2 + 10*j - 7. Let o be z(-11). What are the prime factors of p(o)?
2, 3, 13
Let x(k) = 114*k + 87. List the prime factors of x(7).
3, 5, 59
Suppose -2*z + 4*z - 54 = 0. Suppose -5*r = -3*t - z, -16 = 6*t - 2*t. What are the prime factors of (-38)/(-2) - (-1 - r)?
23
Let z(m) = m**3 - 9*m**2 - 10*m + 8. Let j be z(10). Suppose j*a - 279 = -103. Suppose -r + a = -45. What are the prime factors of r?
67
Suppose -4*j = -7*j + 15. Let c(q) = -q**2 + 4*q + 3. Let l be c(j). What are the prime factors of l*1*57/(-6)?
19
Suppose 1270 = 5*p + 5*a, 2*p + a - 211 = 293. List the prime factors of p.
2, 5
Let u = 174 - 168. Let a(n) be the first derivative of -n**3/3 + 9*n**2/2 - 5*n - 1. List the prime factors of a(u).
13
Let f = 1373 - 962. What are the prime factors of f?
3, 137
Let i be (-754)/(-4) - (-15)/10. Suppose -i = -6*n + n. What are the prime factors of n?
2, 19
Suppose -7*c + 3999 = -10127. What are the prime factors of c?
2, 1009
Suppose 2*s = 2, 2*s - 2 = -2*o + 7*o. Suppose -5*x + f = 4*f - 402, o = 2*f - 8. Suppose z + x = 4*z. What are the prime factors of z?
2, 13
Suppose -4*c + 21 = -5*s - 16, 3*c - 3*s - 24 = 0. Suppose -c*o - 25 = -2*p, 3*o - 31 = -3*p + p. What are the prime factors of p?
2, 7
Let t(f) = 18*f - 81. What are the prime factors of t(29)?
3, 7
Let s be 3*-2*(-4)/(-8). Let m(i) = -i**3 - 2*i**2 + 3*i - 3. Let d be m(s). Let c(h) = -h**3 - h**2 + 4*h + 4. What are the prime factors of c(d)?
2, 5
Suppose -40*g + 101 = -39*g. What are the prime factors of g?
101
Suppose -4*i + 4*b = -19680, 17*i - 18*i - 3*b = -4924. List the prime factors of i.
7, 19, 37
Suppose 13 = 5*b - 7. Suppose 5*q - 7 = -4*j, 3*q = -b*j + 5*q + 14. What are the prime factors of j?
3
Let s be (-1)/(3/(-9)) - 0. Suppose 82 + 71 = s*q. Suppose -5*k = 2*w - q, 4*k - 38 = -2*w - w. What are the prime factors of k?
11
Suppose 12*u + 8 = 56. Suppose -u*m = 122 - 790. What are the prime factors of m?
167
Suppose 0 = 2*m - 4*k - 106, 4*m = -m - 5*k + 190. Let q = m + -27. What are the prime factors of (q/(-6))/((-24)/108)?
2, 3
Let n(d) = 10*d - 25. Let r(j) = 11*j - 24. Let t(i) = -7*n(i) + 6*r(i). List the prime factors of t(-13).
83
Let c be (-21)/(9/(-3))*129. Let i = 578 - c. What are the prime factors of (1 - 3)*i/10?
5, 13
Let m = 255 - 238. What are the prime factors of m?
17
Let z = 400 - 637. Let j = -88 - z. What are the prime factors of j?
149
Let t = 50 - 50. Suppose -5*z + 130 = -t*z. What are the prime factors of z?
2, 13
Suppose 1 = l, 2*l + 2858 = 5*j - 0*l. List the prime factors of j.
2, 11, 13
Let g(c) be the second derivative of -14*c**5/5 + c**4/12 + c**3/3 + c**2/2 - c. List the prime factors of g(-1).
2, 7
Let x = 23 - 43. Suppose -18*h + 23*h = 5*m - 65, h + 7 = -m. Let i = h - x. List the prime factors of i.
2, 5
Let v = 107 + -107. Suppose v = 6*z - z - 505. What are the prime factors of z?
101
Let o(x) = 2*x**2 - 60*x - 62. Let a be o(31). Suppose -3*v + 15 = -9*y + 4*y, 3*y + v = 5. Suppose y*g - 3*g + 141 = a. What are the prime factors of g?
47
List the prime factors of 4/6 + 24408/81.
2, 151
Suppose 2*y = -0*y - 5*n - 190, 0 = -2*y - 2*n - 190. Let v = -11 - y. Suppose v = 2*q + q. List the prime factors of q.
2, 7
Let p(x) = 3*x - x + 0*x - 7. Let c be p(3). List the prime factors of c/2*2*-23.
23
Suppose 0 = 92*h - 85*h - 1813. List the prime factors of h.
7, 37
Let o(g) = 21*g - 4. Let n(p) = 4*p - 1. Let v(c) = -11*n(c) + 2*o(c). Suppose -m = 2*t + 5, t + 5*m - 20 = -0*t. What are the prime factors of v(t)?
13
What are the prime factors of 6 + 175 + -5 + 2?
2, 89
Suppose 0*u = -3*u + 24. Suppose -2*j + u = -2. Suppose -r - 16 = -2*f, -r = -j*f - 4*r + 18. List the prime factors of f.
2, 3
Suppose 0 = -4*l + 5*a + 32, -13 = -2*l + 5*a + 13. Suppose l*y - 120 = y. What are the prime factors of y?
2, 3, 5
What are the prime factors of (-10)/(-8 - 2)*478?
2, 239
Suppose 2*j - 6*j + 8 = -4*o, -4*j = 2*o - 8. Suppose j*i + 5*q - 26 = 0, 3*i - 20 = -i - 2*q. Suppose 3 = -i*s + 132. What are the prime factors of s?
43
Let x(o) = 9*o. Let q be x(-1). Let s be 6/(q/3) + 2. Suppose -2*d = -s - 34. What are the prime factors of d?
17
What are the prime factors of ((-27)/(-12))/(((-9)/672)/(-1))?
2, 3, 7
Suppose 28*h + 1110 = 38*h. List the prime factors of h.
3, 37
Let u(w) = 33 + 23 - 85 + 9*w + 21. Suppose -2 - 6 = -2*f. List the prime factors of u(f).
2, 7
Suppose 3*g - 3*c - 6 = 0, -g - 2*c = 3*c - 14. Let a be 3/(-3) + g + 92. Let m = -54 + a. List the prime factors of m.
41
Suppose -5*u + 209 = -6. What are the prime factors of u?
43
Let o(n) = -9*n**2 - 4. Let b(s) = -3*s**2 - 1. Let f(p) = 8*b(p) - 3*o(p). List the prime factors of f(-2).
2
Let a(n) = -16 + 3*n + 6 - 9. Let z be a(13). Let m = -6 + z. What are the prime factors of m?
2, 7
What are the prime factors of 57/(252/(-420)*5/(-11))?
11, 19
Let y = -109 - -134. What are the prime factors of y?
5
List the prime factors of -488*(1/(-2)*3)/2.
2, 3, 61
Let v(b) = -9*b - 91. List the prime factors of v(-42).
7, 41
Let q(t) = 11*t - 6. Let d be 6*((-104)/(-60) - (-6)/(-15)). List the prime factors of q(d).
2, 41
Suppose -l - 3 = -2*l, 5*l - 23 = -4*f. Suppose -4*p + 8 = 0, 4*p = -b + 5*p + f. Suppose b*u = 5*u - 54. List the prime factors of u.
2, 3
Suppose -912 = 10*i - 7*i. List the prime factors of (-2 - i/4) + 4.
2, 3, 13
List the prime factors of (3 - 130458/(-21)) + 152/(-532).
5, 11, 113
Suppose x + 4*x + 13 = -4*j, -j + 8 = -x. Suppose 6 = -p + j*p. Suppose 2*y - 47 = 3*q, p*y - 71 - 9 = -5*q. List the prime factors of y.
5
Let l(u) = -u + 27. Let m be l(11). Suppose 0 = 11*a - m*a + 180. What are the prime factors of a?
2, 3
Suppose 11*s - 19*s + 952 = 0. Let v = s + -66. What are the prime factors of v?
53
Suppose -w = 4*f - 11, -2*w = -5*f + w + 35. Let x = f + -2. Suppose -2*o = -x*a - 3*a + 302, -5*a = 5*o - 330. What are the prime factors of a?
2, 31
Let b(n) be t